h - g*h + 360. Suppose d = -3*f + 56, 350 - h = 5*d - 5*f. Is d composite?
False
Let g = 444 - 449. Is 20441*g/(-30) + 3/18 a prime number?
True
Is ((-648836)/(-18))/(68/306) a prime number?
True
Let x = -40151 - -245898. Is x composite?
True
Let i = 339 + -333. Suppose -i = -t + 4*t, -4*t = 4*o - 10004. Is o a composite number?
False
Suppose -115*z + 36*z - 86*z + 26129730 = 0. Is z a composite number?
True
Suppose -15*r = -18*r - 91*r + 16957882. Is r composite?
True
Let h = 122 + -86. Suppose h = 12*j - 0*j. Is (-1*571/j)/(38/(-114)) a prime number?
True
Let v(b) = -4977*b**3 + 14*b**2 + 16*b + 32. Is v(-3) composite?
False
Let d be 36/12 - 4/(-4). Suppose 27*o - 22*o - 4*b - 86985 = 0, 0 = 3*o - d*b - 52183. Is o a prime number?
True
Let m(h) = -292*h - 15. Let q be m(-8). Suppose -q + 29147 = 6*z. Suppose -3*a + 6*t = 4*t - 3353, 4*a = 3*t + z. Is a a prime number?
True
Let r(n) = 5116*n + 137. Is r(2) prime?
True
Let d = -13013 + 26310. Is d composite?
False
Suppose 68971 = r - 5*y - 18527, 5*y + 25 = 0. Is r a composite number?
False
Suppose 3*n - 8307 = -o, -n - n + 24928 = 3*o. Suppose o = 5*j - 5*w, 6660 = -4*j + 8*j + 2*w. Let h = j - 27. Is h a prime number?
True
Let h be 3/(-5) - (-60)/(-150). Is ((-30196)/6)/h - (-7)/21 a prime number?
False
Suppose 3436459 - 99571 = 136*p - 7479056. Is p a prime number?
False
Let r(q) be the second derivative of -711*q**3/2 + 8*q**2 - 224*q. Is r(-1) a prime number?
False
Let j = -190134 + 274837. Is j a composite number?
True
Let w(y) = y**3 + 57*y**2 + 205*y - 147. Is w(-50) prime?
True
Let v(y) = -113*y**3 - 8*y**2 + y + 95. Is v(-7) composite?
True
Let s = 94759 - -44178. Is s composite?
False
Suppose -5*o + 4*u + 6 = -17, -u = o - 10. Let p = -2 + 35. Let w = p - o. Is w prime?
False
Let z be 0/((-1)/((-1)/(-2))). Suppose 2*q - 59 + 57 = 2*c, 3*c - 6 = 0. Suppose z = q*p + n + 4*n - 3256, -2*p + 2176 = -2*n. Is p a composite number?
False
Let k(v) = v**2 - 3*v + 4. Let d be k(0). Suppose -u + 3774 = d*p, -5*p - 6*u + 5*u = -4717. Is p a composite number?
True
Let i be (-18 + 12)*(-3513 + (-3 - 0)). Let s = i + -11569. Is s a prime number?
False
Suppose -20*p - 2 = -42. Is p + 39/(-1 + 195/192) a prime number?
False
Suppose 0 = -6*m + 150 - 120. Suppose -m*w + 4*w = -2*i + 8540, -2*w = 2*i - 8546. Is i a composite number?
False
Let f = -544 - -549. Suppose 0 = 4*y - 4*a - 22452, 3*y + 11232 = f*y + a. Is y a prime number?
False
Let i(b) = -b**3 - 9*b**2 - 2*b - 11. Let r be i(-9). Let z be 6 - (r/(-3) - (-10)/(-15)). Suppose 6*p - z*p + 3729 = 0. Is p prime?
False
Let a = 14813 - -11214. Is a a composite number?
True
Is 1/(6/30631)*(224 - 218) a composite number?
False
Let f(n) = -3*n - 29. Let o be f(-10). Let l be -2*o/(-6)*6. Is -33*(5/(-15))/(l/142) composite?
True
Is ((-14)/6 + 2)*20/((-560)/11427612) prime?
True
Is 9/(324/57048)*3*26/4 composite?
True
Suppose -109*o - 174126 = -115*o. Suppose -a - a - 3*h = -o, -a - 3*h = -14512. Is a a composite number?
True
Let x be (6 + -9)/(3/106). Is 19102/18 + x/477 prime?
True
Is (-282)/(-2115) + (-2654653)/(-15) prime?
True
Let q(a) = 5*a**3 + 5*a**2 - 9*a + 15. Let v be (6 - 4) + -7 + 17. Is q(v) a prime number?
False
Let u = 279 + -262. Suppose -r + f - 5*f - 18 = 0, -f + 5 = 5*r. Let y = r + u. Is y prime?
True
Suppose -61*u + 53*u + 28344 = 0. Is u composite?
True
Let p = -10 + 12. Let n be -1 - p - (-2 - 0 - 239). Let u = n - 15. Is u a prime number?
True
Suppose 14*q - 10*q - 70380 = 0. Suppose 4*v - q - 17833 = 5*d, -2*v + 2*d + 17714 = 0. Is v a composite number?
True
Let g be -1 + (-28)/7 + 20917. Suppose 5*n - 24233 = g. Is n prime?
True
Suppose -2*l + 17506 = 2*c, -2*c + 18*l + 17478 = 13*l. Is c a composite number?
True
Is -2 + 99013/11 - (-32)/(-176) composite?
False
Let k(o) = -2127*o - 5990. Is k(-61) a composite number?
False
Suppose 0 = 5*s - 3*s - 204. Is 17949/5 - (11 - s/10) a composite number?
True
Let s(j) = 45*j**3 + 18*j**2 + 7*j - 31. Let x be s(16). Suppose -56*y + 65*y = x. Is y a prime number?
True
Let p(u) be the second derivative of u**6/120 + u**5/40 - u**4/3 + 7*u. Let o(j) be the third derivative of p(j). Is o(8) composite?
True
Is (-6)/42 + (-11)/(154/(-101964)) composite?
False
Suppose -101*l + 262*l = 10760435. Is l composite?
True
Suppose 5*q + 5*l = 95668 + 48722, 3*q - 3*l = 86628. Is q prime?
False
Let s(x) = -3 + 26*x**2 - 17*x**3 - 23*x**2 - 8*x - 6. Is s(-5) a composite number?
True
Let w(v) = -v. Let t be w(-2). Let f(d) be the first derivative of 114*d**2 - 7*d + 188. Is f(t) composite?
False
Let o = 624129 + -242464. Is o prime?
False
Let h(w) = 9*w**2 + 24*w + 1123. Is h(-46) prime?
False
Let y(g) = g**2 - 6. Let r be y(-3). Suppose i - 8 + r = 0. Suppose h = -i*u + 208, -5*u - 783 = -5*h + 407. Is h a composite number?
False
Suppose 11 = g + 7. Suppose -t = 2*r + g*t - 31, r = -2*t + 14. Suppose 0 = -r*x + 4*x + 2540. Is x prime?
False
Suppose 20*z = 1858647 + 5298533. Is z a prime number?
True
Let c(r) = -36*r**3 - 3*r**2 + 2*r + 2. Suppose -8*q - 530 = -3*q. Let s = q - -101. Is c(s) prime?
False
Let p be 3/(0 + (-1)/(-1)). Suppose -2*r + 5*t = -11, p*t + 2 = -1. Suppose -856 = -4*i + 3*q, r*q = 4*i + 5*q - 876. Is i a prime number?
False
Suppose -79*s + 25*s = -148878. Is s a composite number?
True
Let j = 428 + -416. Let w(m) = 316*m + 71. Is w(j) composite?
False
Let a(h) = 11*h - 1. Let n be a(-1). Let v(b) be the first derivative of b**3 + 6*b**2 + 17*b + 4. Is v(n) a composite number?
True
Let c(p) = -98*p**3 + 4*p**2 + 43*p + 79. Is c(-18) prime?
True
Let r(o) = -24*o**2 + 6*o + 8. Let f(b) = 8*b**2 - 2*b - 3. Let j(u) = -17*f(u) - 6*r(u). Suppose 4*t = -3*x - 4, 3*t + 0*x = 2*x - 20. Is j(t) prime?
True
Is -1*(-224693)/7*(1 - (6 + -6)) prime?
True
Suppose 9*i - 3*i - 4*m = 2915648, i - m - 485941 = 0. Is i a composite number?
True
Suppose 2818 = -3*t - 1313. Let o be ((-1149)/5)/((-7)/70). Let x = o + t. Is x prime?
False
Suppose 0 = -6*l - 106948 - 122060. Is (1 + -2)/(8/l) composite?
True
Let s be -1*(-3470)/(-4) - (-3)/(-6). Is ((-10554)/(-8))/((-93)/s) composite?
True
Let b be 1*-15*16/(-12). Suppose 16*k + 4*q = 12*k + 46776, 4*q = -b. Is k a composite number?
False
Let z be ((-34)/(-38) - 1) + (-5740)/(-380). Suppose z*m - 21*m = -1926. Is m prime?
False
Let v(c) = -c**2 + c + 4. Let p be v(0). Let o(l) = -492*l - 3. Let t(r) = 494*r + 1. Let i(f) = -6*o(f) - 5*t(f). Is i(p) a composite number?
True
Let m be 2/(-9) + -2 + (-1435027)/(-99). Is m/((-200)/(-72) + 2/9) a prime number?
True
Let o = -23442 + 26933. Is o composite?
False
Suppose 34 = -2*x - 6*z + 2*z, -3*x - 59 = 2*z. Is (-96402)/(-21) + (-9)/x composite?
False
Let k = 537 - 535. Suppose 4*f + 3*m - 105821 = 0, 43*m - 52898 = -k*f + 39*m. Is f composite?
False
Let f be (6/(-2))/((-25)/(-10) + -1). Is (-14636)/(-5) - f/(-10) a prime number?
True
Suppose 5*d + 10*d - 150660 = 0. Suppose 2*s = -2*y + 3*s + d, 0 = -3*y + s + 15065. Suppose 5851 = 3*r - t, 3*t + 838 + y = 3*r. Is r a prime number?
True
Suppose 591*j - 96690432 = 87631239. Is j a composite number?
False
Is (1/(-1) + -5713)/(42/(-903)) composite?
True
Let b be 62/155 + 4/(-10). Is (b + 6/(-9))/((-8)/14916) composite?
True
Suppose 0*k + 5*k - 329376 = 231439. Is k prime?
True
Suppose -h = 5*t + 22, -5*h - 36 = -4*t - 42. Let v(x) = -3 + 3 - 175*x + 2 + 3. Is v(h) composite?
True
Suppose -6*i - i + 12*i = 0. Let c be (-390)/4*(i - (-2 - -8)). Suppose 0*x + 295 = x + 2*l, 0 = 2*x - l - c. Is x a prime number?
True
Suppose 3*f - 17*a + 12*a + 9008 = 0, -f + 2*a = 3002. Let h = 4291 + f. Is h a prime number?
False
Suppose x - 122112 - 89917 = 0. Is x a composite number?
False
Let u be 3 + 7 - (13 - 6). Is (-53875)/75*u*-1 composite?
True
Let y be 4/((-4)/3) + 4. Let v(u) = 4*u + 2. Let j be v(y). Suppose j*o + 295 = 1093. Is o composite?
True
Let s = -16059 + 16585. Is s composite?
True
Suppose -3*a - 3204 = -12*a. Let k(q) = -5502*q**3 - 3*q - 2. Let x be k(-1). Suppose x = w + a. Is w a composite number?
False
Let s = 151 + -133. Suppose 5*c = -4*x + 3*c + 76, 0 = -3*x + 2*c + 57. Let r = s + x. Is r a composite number?
False
Suppose 317*x - 319*x = -3*a - 418411, -a + 418431 = 2*x. Is x a prime number?
True
Let v(q) = -q**3 - 6*q**2 + 12*q + 20. Let b be v(-8